 u(p) = -2*p - 4. Suppose -2*c + 8 = 6. Let g(f) = c*u(f) - 2*z(f). Determine g(2).
-6
Let l(z) = 28*z**2 - 22*z**2 + 8 - 15*z + 4 - 5*z**2. Calculate l(9).
-42
Let l(g) be the first derivative of 2*g**3/3 - g**2 - g - 304. Let r = 3 + -1. Determine l(r).
3
Let u(p) = -3*p**2 + 3*p**2 - p**3 - 7*p**2 - 8. Let f be 3*(-2)/(-3)*(-42)/12. What is u(f)?
-8
Let s(l) = l**2 + 5*l. Suppose 0 = 2*q + 48 + 16. Suppose -4*h + 1 - 25 = 0. Let p be (-4)/q*4*h. What is s(p)?
-6
Suppose -20*n - 18 = -17*n. Let l(w) = -3*w**2 - 9*w - 9. Let d(h) = h**2 + h. Let r(f) = -2*d(f) - l(f). Give r(n).
3
Let t(m) = 50*m - 146*m + 47*m + 48*m. Determine t(-6).
6
Let i(p) = p**2 + p - 2. Suppose -28*x + 22*x - 12 = 0. What is i(x)?
0
Let r(o) = 33*o**2 + 5. Let s(d) = 8*d**2 + 1. Let f(j) = 2*r(j) - 9*s(j). Suppose -4*l - 5*x - 77 = 0, -136 = 5*l + 4*x - 42. Let u = l - -17. Determine f(u).
-5
Let v(g) be the first derivative of -g**2/2 - g + 1. Suppose -3*t + 3*q + 21 = 0, 65*q - 60*q = -4*t - 35. Calculate v(t).
-1
Suppose 7*f = -4*f. Let s(x) = -66*x + 34*x - 3 + 33*x + f. Determine s(3).
0
Let c(s) = 3*s**2 + 10*s - 23. Let k(u) = 2*u**2 + 6*u - 15. Let i(p) = 5*c(p) - 8*k(p). Determine i(-4).
-19
Let i(w) = 2*w + 5. Let c(j) = -1 - 3*j - 4*j + 4 + 8*j. Let m(x) = -7*c(x) + 3*i(x). What is m(5)?
-11
Let q(g) = -3*g - 10. Let b be (-1)/3*(-14 + 2). Suppose -b*u - 5 = -21. Let j(y) = 7*y + 21. Let n(m) = u*j(m) + 9*q(m). Calculate n(7).
1
Let n(o) be the third derivative of o**6/144 - o**5/40 + 5*o**4/12 - 13*o**2. Let g(a) be the second derivative of n(a). Calculate g(2).
7
Let b = 198 + -209. Let g(j) = j**2 + 10*j - 14. Give g(b).
-3
Let u be (4/(-5))/(2/(-15)). Let j = u + -3. Let r be ((-18)/8)/(j/(-8)). Let b(x) = x**2 - 6*x + 1. What is b(r)?
1
Let d(a) = -a**3 - 5*a**2 - 3*a - 2. Let j be 45/(-18)*(-2)/(-1). Give d(j).
13
Let v(s) be the second derivative of -5/24*s**4 - s**2 + 3*s + 5/6*s**3 + 1/120*s**6 + 1/12*s**5 + 0. Let h(p) be the first derivative of v(p). What is h(-6)?
-1
Let d(q) be the second derivative of q**4/12 - q**2 - 53*q. Let k(l) = -2*l**2 + 23*l + 15. Let u be k(12). Determine d(u).
7
Let m(k) = 5*k - 1. Let x(q) = 6*q - 2. Let b(g) = -5*m(g) + 4*x(g). What is b(12)?
-15
Let o(i) = -i**2 + 7*i + 3. Let g be (-225)/(-6)*(-10)/15. Let k = -18 - g. Calculate o(k).
3
Let x be (-6)/4 + 187/34. Let t(z) = -10 + 6*z + x - z**2 - 1. What is t(5)?
-2
Suppose 0 = -2*a + 2*q + 18 - 4, -32 = -4*a + 5*q. Let m(u) be the second derivative of 1/12*u**4 - u**2 - 1/6*u**3 - a*u + 0. What is m(-3)?
10
Let i = -451 + 1805/4. Let v(x) be the second derivative of 0 - i*x**5 + 1/2*x**2 + 0*x**4 - 3*x - 1/6*x**3. Give v(1).
-5
Suppose -2*p = -4 - 4. Let u(i) = -2 - 2 - p + i - 2. Determine u(11).
1
Let z(p) be the second derivative of p**4/12 + 3*p**3/2 + 3*p**2/2 - 123*p. Give z(-8).
-5
Let v(i) = -i**3 - 7*i**2 - 4*i - 8. Let d(f) = -12*f - 9. Let k be d(8). Let c = -112 - k. Determine v(c).
20
Suppose -4*w = 3*g - 19, 2*g = 2*w - 0*g - 6. Suppose 6 = x + w. Let o(s) = -29 + 33 + 3*s - x*s. Give o(-6).
-2
Let y(q) = 2*q**2 + 13*q + 9. Let l be y(-8). Let g = l + -38. Let j(m) = 4*m - 1 - 2 + m**2 - m. Calculate j(g).
7
Suppose 0 = c + 10 - 16. Let a(r) = -4 + 3 - 2 + c + 5*r. Calculate a(-4).
-17
Let y(l) = l**2 - 6*l + 8. Let t(s) = 7*s - 12*s + 6*s. Let z(a) = -4*a + 11. Let c(f) = 5*t(f) + z(f). Let q be c(-5). What is y(q)?
8
Let w(r) = 2 + 26 + r - 10. Calculate w(-17).
1
Let f(u) = -u + 12. Let p(m) be the first derivative of -m**4/4 - 2*m**3 - 7*m**2/2 - 4*m - 15. Let k be p(-5). Calculate f(k).
6
Let g(s) = -s**3. Let t be (2/(-1) - -5) + 3. Let w(l) = -5*l**3 + 7*l**2 + 6*l - 1. Let c(a) = t*g(a) - w(a). Determine c(-6).
1
Let b(t) = -t**2 + 18*t + 1. Let h be b(0). Let r(w) = 10*w + 2. What is r(h)?
12
Let c(z) = 4*z**2 + 5*z - 7. Let n be c(-3). Suppose 4*h - n = 10. Let i(u) = -2*u - 8. Give i(h).
-20
Let y be 291/15 + 6/(-15). Suppose 0 = o - 4*f + y, 5*o + 5*f = 4*f - 32. Let n(l) = 2*l + 6. Give n(o).
-8
Let b(c) = -c + 4. Suppose -s = i + 16, -6*i + 130 = -5*s - i. Let a be (1 - (-12)/(-28))/((-3)/s). Calculate b(a).
0
Let i(q) = -q**3 + 9*q**2 - 18*q - 16. Let s be i(5). Let o(k) = k. Give o(s).
-6
Let g(a) = a**2 + a + 1. Suppose 22 - 62 = 2*o. Let y(m) = 2*m**2 + 20*m + 36. Let j be y(-9). Let v = j + o. Give g(v).
3
Suppose -13*h - 21 = -10*h. Let a be -2 - (h - 4/(-1)). Let r be -8 - -6 - (3 + a). Let w(v) = v**3 + 7*v**2 + 8*v + 9. Determine w(r).
-3
Suppose 0 = 540*z - 532*z + 80. Let r(o) = -o**3 - 10*o**2 + o - 2. Give r(z).
-12
Let n(w) = 74 - 74 - 2*w. Let l be n(12). Let t = l + 22. Let b(p) = -p**2 - 1. Give b(t).
-5
Suppose 3*m - 57 = 6. Let c = -15 + m. Let h(d) = 4 + 65*d - d**3 - 73*d + 7*d**2 - 1. Determine h(c).
-9
Let r(i) be the third derivative of i**5/120 - 7*i**4/24 + 5*i**3/6 - 15*i**2. Let g(c) be the first derivative of r(c). Give g(4).
-3
Let v be 7/1 + (-8 - -12). Let d(j) = -j**3 + 12*j**2 - 12*j + 15. Determine d(v).
4
Suppose -20 - 4 = -6*n. Let c(t) = -t - 1. Let i(l) = 3*l + 7. Let w(o) = n*c(o) + i(o). Calculate w(0).
3
Let v(b) = 1. Let k(j) = j - 2. Let f(m) = -2*k(m) - 5*v(m). Determine f(4).
-9
Let y(z) = z**3 - 9*z**2 - 10*z - 6. Let g be y(11). Let k = g - 62. Let j be (k/56)/((-2)/(-7)). Let u(t) = -t**2 + 6*t - 4. Calculate u(j).
4
Let w(k) = -22*k + 90*k**2 - 85*k**2 - 21*k - 18*k + 15. Calculate w(12).
3
Let d = -464 - -473. Let m(u) = -u + 10. Determine m(d).
1
Suppose 5*n - 25 = 10*n. Let f(p) = -p**3 - 6*p**2 - 3*p + 2. Calculate f(n).
-8
Let t(w) = -w**2 + 2. Suppose 2*c - 2 = c. Let k(z) = -6*z**2 - z + 11. Let i(f) = c*k(f) - 11*t(f). Give i(-4).
-8
Let d(r) = -3*r. Suppose -2*i = -i - 6. Let n be 86/12 - 1/i. Determine d(n).
-21
Let w(n) be the first derivative of n**4 - n**3 + 7*n + 11. Let a(c) = 5*c**3 - 3*c**2 + 8. Let j(u) = 3*a(u) - 4*w(u). Calculate j(3).
-4
Let t(g) be the second derivative of g**3/6 + g**2/2 + 34*g. Let u(l) = -2*l - 2. Let z(f) = -t(f) - u(f). Give z(-2).
-1
Suppose -32 = 17*o - 49. Let b(h) = -9*h. Give b(o).
-9
Let x(q) = 5*q**2 - 12*q - 1. Let g(a) = -13*a**2 + 30*a + 4. Let n(m) = -3*g(m) - 8*x(m). Let j(r) = r**3 - 8*r**2 + 8*r - 2. Let y be j(7). Calculate n(y).
1
Let b(n) = -n**2 + 3*n - 1. Let s(c) = -7*c**2 - 8*c + 2. Let h(i) = 2*b(i) + s(i). Determine h(-2).
-32
Let y = 8 - 15. Suppose 18 = -3*i + 3*v, -6 = 4*i + 5*v - 9. Let z(q) = 2*q - 9. Let n(f) = -5*f + 18. Let g(a) = i*n(a) - 7*z(a). Calculate g(y).
2
Suppose -5*p - 5*s + 4*s + 5 = 0, -p + 2*s + 12 = 0. Suppose -5*v = -2*v + p*t - 11, -5*t = 10. Let r(o) = o**3 - 5*o**2 - 4*o + 7. Calculate r(v).
-13
Let i(n) be the second derivative of n**3/6 + n**2/2 + 70*n - 2. Give i(5).
6
Let m(y) = 3*y**2 - 6*y - 23. Let s be m(3). Let t(r) = r**2 + 15*r + 14. Calculate t(s).
0
Let s(d) = 5 + 3 + 8*d + 9 - 3 - 9*d. What is s(15)?
-1
Let w(b) = -b**3 - 3*b**2 + 6*b + 2. Let d be w(-4). Let g be ((-1)/3)/(1/(-15)). Let s(u) = 2*u + 2 - g - 3*u. Determine s(d).
3
Let p(a) = -a**2 - 3*a + 4. Suppose q = 5*q - 4*r - 8, 0 = -2*q - 2*r + 8. Let k = 19 - 11. Suppose -q*u = -k*u - 25. Give p(u).
-6
Let j be (-4244)/(-20) + (-1)/5. Let o(b) = 107 - 3*b - j + 103. What is o(-4)?
10
Let l(c) = 5*c**3 - 2*c**2 - 2*c - 1. Let s = -367 - -366. Determine l(s).
-6
Let a(r) be the second derivative of r**5/4 - r**4/12 + r**3/6 + r**2/2 + 10*r. Suppose 8 = -2*p + 6. Determine a(p).
-6
Let d(z) be the third derivative of -5/3*z**3 + 5/12*z**4 - 1/120*z**6 - 7*z**2 - 1/6*z**5 + 0*z + 0. Give d(-11).
1
Let r(i) be the third derivative of -i**6/120 - 7*i**5/60 + i**4/24 + 5*i**3/6 + 65*i**2. Give r(-7).
-2
Let q(r) be the second derivative of r**5 - r**3/6 + 437*r. Give q(1).
19
Let z(l) be the third derivative of -l**4/24 + l**3/6 - 3*l**2 + 6. Determine z(4).
-3
Let a(b) = -b**2 - 3*b - 2. Suppose -2*n + 3*k - 6 = 0, 0*k - 22 = 3*n + 2*k. Let u be (2 + -1)*(n + 3). Give a(u).
-2
Suppose -4*b + t - 4*t - 49 = 0, 0 = -4*t + 4. Let i = b - -9. Let q(j) = 2*j**2 + 5*j - 1. Calculate q(i).
11
Suppose -518*g + 35 = -3*x - 520*g, 2*x - 3*g + 19 = 0. Let k(m) = -2*m - 17. Calculate k(x).
5
Let y(a) be the third derivative of a**4/4 - a**3/2 - 104*a**2 + 2. Give y(-2).
-15
Let m(t) = 3*t + 2*t**2 - 3*t**2 + 1 - 4*t. Suppose -12*a = -